{"id":26,"date":"2018-01-06T22:27:45","date_gmt":"2018-01-06T22:27:45","guid":{"rendered":"http:\/\/www.rt-lueer.de\/?page_id=26"},"modified":"2018-01-09T12:11:12","modified_gmt":"2018-01-09T12:11:12","slug":"partner","status":"publish","type":"page","link":"https:\/\/www.rt-lueer.de\/?page_id=26","title":{"rendered":"Partner"},"content":{"rendered":"<p><a href=\"https:\/\/www.oehm-rehbein.de\" target=\"_blank\" rel=\"noopener\"><img loading=\"lazy\" decoding=\"async\" class=\"alignnone size-medium wp-image-30\" src=\"https:\/\/www.rt-lueer.de\/wp-content\/uploads\/2018\/01\/Oehm-logo-300x40.jpg\" alt=\"\" width=\"300\" height=\"40\" srcset=\"https:\/\/www.rt-lueer.de\/wp-content\/uploads\/2018\/01\/Oehm-logo-300x40.jpg 300w, https:\/\/www.rt-lueer.de\/wp-content\/uploads\/2018\/01\/Oehm-logo-768x102.jpg 768w, https:\/\/www.rt-lueer.de\/wp-content\/uploads\/2018\/01\/Oehm-logo.jpg 1000w\" sizes=\"auto, (max-width: 300px) 100vw, 300px\" \/><\/a><\/p>\n<p>Die Oehm und Rehbein GmbH entwickelt seit 1991 ausgereifte und individuell zugeschnittene Systeml\u00f6sungen f\u00fcr Medizin und Industrie f\u00fcr den internationalen Markt. Das Unternehmen liefert komplexe Systeme f\u00fcr konventionelle und digitale R\u00f6ntgenanlagen in Krankenh\u00e4usern, Kliniken und Facharztpraxen, aber auch f\u00fcr den NDT- und Security-Bereich.<\/p>\n<p>Das Know-How von Oehm und Rehbein basiert auf jahrzehntelanger Erfahrung bei der Entwicklung von Software zur digitalen Bildverarbeitung, einhergehend mit speziellem Fachwissen aus der R\u00f6ntgentechnik. Ein enger Dialog mit \u00c4rzten, Hochschulen und Ingenieuren ist dabei ein wichtiger Bestandteil der Innovationst\u00e4tigkeit unseres Unternehmens. Daraus hervorgehend k\u00f6nnen wir unseren Partnern aus Medizin und Industrie ausgereifte und individuell zugeschnittene Systeml\u00f6sungen anbieten. Alle Entwicklungsprozesse finden dabei im eigenen Unternehmen in Deutschland statt.<\/p>\n<hr \/>\n<p><a href=\"https:\/\/www.spellmanhv.com\/en\" target=\"_blank\" rel=\"noopener\"><img loading=\"lazy\" decoding=\"async\" class=\"alignnone size-full wp-image-28\" src=\"https:\/\/www.rt-lueer.de\/wp-content\/uploads\/2018\/01\/spellman-logo.gif\" alt=\"\" width=\"263\" height=\"99\" style=\"border-style:none; border-width:0px\"\/><\/a><\/p>\n<p>Die Spellman High Voltage Electronics Corporation, gegr\u00fcndet im Jahr 1947, ist ein in Familienbesitz befindliches und geleitetes Unternehmen und der weltweit f\u00fchrende unabh\u00e4ngige Lieferant von pr\u00e4zisen Gleichstrom-Hochspannungsversorgungen, R\u00f6ntgengeneratoren und Monoblock\u00ae R\u00f6ntgenquellen f\u00fcr medizinische, industrielle und wissenschaftliche Anwendungen.<\/p>\n<hr \/>\n<p><a href=\"https:\/\/www.vacutec-gmbh.de\" target=\"_blank\" rel=\"noopener\"><img loading=\"lazy\" decoding=\"async\" class=\"alignnone size-full wp-image-81\" src=\"https:\/\/www.rt-lueer.de\/wp-content\/uploads\/2018\/01\/vacutec-logo-header.png\" alt=\"\" width=\"259\" height=\"107\" \/><\/a><\/p>\n<p class=\"bodytext\">Gegr\u00fcndet im Jahr 1956 als Vakutronik, leistet VacuTec Messtechnik GmbH Pionierarbeit bei der Entwicklung von Detektoren f\u00fcr ionisierende Strahlung. VacuTec ist heute ein weltweit t\u00e4tiges Unternehmen mit mehr als 50 hochqualifizierten und engagierten Mitarbeitern.\u00a0VacuTec Me\u00dftechnik GmbH entwickelt, produziert und vertreibt ein breites Spektrum an Detektoren zur Messung ionisierender Strahlung zur Verwendung in der Medizin, der Industriemesstechnik und der Umwelt\u00fcberwachung.<\/p>\n<hr \/>\n<p><a href=\"http:\/\/www.protec-med.com\" target=\"_blank\" rel=\"noopener\"><img loading=\"lazy\" decoding=\"async\" class=\"alignnone size-full wp-image-83\" src=\"https:\/\/www.rt-lueer.de\/wp-content\/uploads\/2018\/01\/protec.jpg\" alt=\"\" width=\"311\" height=\"200\" style=\"border-style:none; border-width:0px\" srcset=\"https:\/\/www.rt-lueer.de\/wp-content\/uploads\/2018\/01\/protec.jpg 311w, https:\/\/www.rt-lueer.de\/wp-content\/uploads\/2018\/01\/protec-300x193.jpg 300w\" sizes=\"auto, (max-width: 311px) 100vw, 311px\" \/><\/a><\/p>\n<p>PROTEC ist Allrounder im Bereich der R\u00f6ntgentechnologie. Das Produktportfolio reicht von R\u00f6ntgentischen \u00fcber analog arbeitende hochkompakte R\u00f6ntgenfilm-Entwicklungsmaschinen, volldigitale Direktradiographie-Systeme (DR) bis hin zu R\u00f6ntgen-Komplettsystemen. Hinzu kommt die eigene Softwareentwicklung. Hochqualifizierte Mitarbeiter stehen f\u00fcr Qualit\u00e4tsprodukte und perfekten Service.<\/p>\n<hr \/>\n<p><a href=\"https:\/\/www.iba-dosimetry.com\" target=\"_blank\" rel=\"noopener\"><img loading=\"lazy\" decoding=\"async\" class=\"alignnone size-full wp-image-84\" src=\"https:\/\/www.rt-lueer.de\/wp-content\/uploads\/2018\/01\/iba1.jpg\" alt=\"\" width=\"260\" height=\"120\" \/><\/a><\/p>\n<p>IBA Dosimetry bietet eine umfassende Palette an integrierten und innovativen L\u00f6sungen f\u00fcr die Qualit\u00e4tssicherung (QA), Kalibrierungsverfahren und Bildgebungsmarker sowie Dienstleistungen zur Maximierung der Effizienz und Patientensicherheit in der Strahlentherapie und der medizinischen Bildgebung.<\/p>\n<hr \/>\n<p><a href=\"http:\/\/www.valmex.de\" target=\"_blank\" rel=\"noopener\"><img loading=\"lazy\" decoding=\"async\" class=\"alignnone size-full wp-image-85\" src=\"https:\/\/www.rt-lueer.de\/wp-content\/uploads\/2018\/01\/valmex-start.gif\" alt=\"\" width=\"188\" height=\"62\" \/><\/a><\/p>\n<p>valmex\u00a0ist seit 1985 Hersteller von R\u00f6ntgenfilmen f\u00fcr die radiologische Diagnostik und seit 2000 Handelspartner f\u00fcr ausgew\u00e4hlte Carestream\/Kodak-Produkte im R\u00f6ntgen. Unsere Aufgabe sehen wir in der Bereitstellung preisbewusster und qualitativ hochwertiger Produkte f\u00fcr die Radiologie sowohl im analogen wie auch im digitalen Bereich. Dabei ist die Bildqualit\u00e4t das entscheidende Kriterium f\u00fcr eine sichere und eindeutige Diagnose.<\/p>\n<hr \/>\n<p><a href=\"http:\/\/www.planmed.com\/de\" target=\"_blank\" rel=\"noopener\"><img loading=\"lazy\" decoding=\"async\" class=\"alignnone size-medium wp-image-29\" src=\"https:\/\/www.rt-lueer.de\/wp-content\/uploads\/2018\/01\/planmed_logo-300x54.png\" alt=\"\" width=\"300\" height=\"54\" srcset=\"https:\/\/www.rt-lueer.de\/wp-content\/uploads\/2018\/01\/planmed_logo-300x54.png 300w, https:\/\/www.rt-lueer.de\/wp-content\/uploads\/2018\/01\/planmed_logo.png 668w\" sizes=\"auto, (max-width: 300px) 100vw, 300px\" \/><\/a><\/p>\n<p>Das finnische Unternehmen Planmed Oy engagiert sich f\u00fcr die Entwicklung, Herstellung und Vermarktung moderner Bildgebungsger\u00e4te und Zubeh\u00f6rteile, die eine einzigartige Kombination von Bildqualit\u00e4t und Benutzerfreundlichkeit f\u00fcr Fachkr\u00e4fte der medizinischen Bildgebung bieten.<\/p>\n<p>Die Firma liefert Produkte f\u00fcr die Mammografie und orthop\u00e4dische Bildgebung, die f\u00fcr ihre ausgezeichnete Bildgebungsleistung, Bedienfreundlichkeit und Ergonomik bekannt sind. Seit 1989 stellen Planmed-Systeme Werkzeuge f\u00fcr medizinisches Fachpersonal in \u00fcber 70 L\u00e4ndern weltweit zur Verf\u00fcgung.<\/p>\n<hr \/>\n<p>&nbsp;<\/p>\n","protected":false},"excerpt":{"rendered":"<p>Die Oehm und Rehbein GmbH entwickelt seit 1991 ausgereifte und individuell zugeschnittene Systeml\u00f6sungen f\u00fcr Medizin und Industrie f\u00fcr den internationalen Markt. Das Unternehmen liefert komplexe Systeme f\u00fcr konventionelle und digitale R\u00f6ntgenanlagen in Krankenh\u00e4usern, Kliniken und Facharztpraxen, aber auch f\u00fcr den NDT- und Security-Bereich. Das Know-How von Oehm und Rehbein basiert auf jahrzehntelanger Erfahrung bei der [&hellip;]<\/p>\n","protected":false},"author":1,"featured_media":0,"parent":0,"menu_order":0,"comment_status":"closed","ping_status":"closed","template":"","meta":{"footnotes":""},"class_list":["post-26","page","type-page","status-publish","hentry"],"_links":{"self":[{"href":"https:\/\/www.rt-lueer.de\/index.php?rest_route=\/wp\/v2\/pages\/26","targetHints":{"allow":["GET"]}}],"collection":[{"href":"https:\/\/www.rt-lueer.de\/index.php?rest_route=\/wp\/v2\/pages"}],"about":[{"href":"https:\/\/www.rt-lueer.de\/index.php?rest_route=\/wp\/v2\/types\/page"}],"author":[{"embeddable":true,"href":"https:\/\/www.rt-lueer.de\/index.php?rest_route=\/wp\/v2\/users\/1"}],"replies":[{"embeddable":true,"href":"https:\/\/www.rt-lueer.de\/index.php?rest_route=%2Fwp%2Fv2%2Fcomments&post=26"}],"version-history":[{"count":9,"href":"https:\/\/www.rt-lueer.de\/index.php?rest_route=\/wp\/v2\/pages\/26\/revisions"}],"predecessor-version":[{"id":91,"href":"https:\/\/www.rt-lueer.de\/index.php?rest_route=\/wp\/v2\/pages\/26\/revisions\/91"}],"wp:attachment":[{"href":"https:\/\/www.rt-lueer.de\/index.php?rest_route=%2Fwp%2Fv2%2Fmedia&parent=26"}],"curies":[{"name":"wp","href":"https:\/\/api.w.org\/{rel}","templated":true}]}}