{"id":23,"date":"2018-01-06T22:08:56","date_gmt":"2018-01-06T22:08:56","guid":{"rendered":"http:\/\/www.rt-lueer.de\/?page_id=23"},"modified":"2023-01-20T16:43:37","modified_gmt":"2023-01-20T15:43:37","slug":"service","status":"publish","type":"page","link":"https:\/\/www.rt-lueer.de\/?page_id=23","title":{"rendered":"Leistungsspektrum"},"content":{"rendered":"<p>Neben Reparaturen an R\u00f6ntgensystemen aller Hersteller beinhaltet unserer Leistungsspektrum noch folgendes:<\/p>\n<ul>\n<li>R\u00f6ntgengeneratoren und R\u00f6ntgenstrahler<\/li>\n<li>Digitale Detektorsysteme (CR und DR), station\u00e4r order portabel<\/li>\n<li>Rasterwandger\u00e4te und Rasteraufnahmetische<\/li>\n<li>Deckenstative und Boden-Deckenstative<\/li>\n<li>Messkammern<\/li>\n<li>Tiefenblenden<\/li>\n<li>Dosisfl\u00e4chenproduktmessger\u00e4te<\/li>\n<li>Bildverarbeitungssysteme<\/li>\n<li>Monitore und Befundungsmonitore (Bildwiedergabeger\u00e4te)<\/li>\n<li>Workstations und Digitale Bildarchive (PACS)<\/li>\n<li>Gebrauchte R\u00f6ntgensysteme<\/li>\n<li>Installationsplanung und Erstellung von Strahlenschutzpl\u00e4nen<\/li>\n<li>Strahlenschutzmaterial<\/li>\n<li>Abnahmepr\u00fcfungen<\/li>\n<li>Konstanzpr\u00fcfungen<\/li>\n<li>Kassettenpr\u00fcfungen nach QS-Richtlinie<\/li>\n<li>Kalibration von Monitoren nach DICOM Part 14<\/li>\n<li>Sicherheitstechnische und Messtechnische Kontrollen<\/li>\n<li>Wartungen<\/li>\n<li>Reparaturen (Multivendor Service)<\/li>\n<li>Ersatzteilbeschaffung<\/li>\n<li>Nachr\u00fcstungen<\/li>\n<li>Montagen<\/li>\n<li>Demontagen<\/li>\n<li>Umz\u00fcge<\/li>\n<\/ul>\n","protected":false},"excerpt":{"rendered":"<p>Neben Reparaturen an R\u00f6ntgensystemen aller Hersteller beinhaltet unserer Leistungsspektrum noch folgendes: R\u00f6ntgengeneratoren und R\u00f6ntgenstrahler Digitale Detektorsysteme (CR und DR), station\u00e4r order portabel Rasterwandger\u00e4te und Rasteraufnahmetische Deckenstative und Boden-Deckenstative Messkammern Tiefenblenden Dosisfl\u00e4chenproduktmessger\u00e4te Bildverarbeitungssysteme Monitore und Befundungsmonitore (Bildwiedergabeger\u00e4te) Workstations und Digitale Bildarchive (PACS) Gebrauchte R\u00f6ntgensysteme Installationsplanung und Erstellung von Strahlenschutzpl\u00e4nen Strahlenschutzmaterial Abnahmepr\u00fcfungen Konstanzpr\u00fcfungen Kassettenpr\u00fcfungen nach QS-Richtlinie Kalibration [&hellip;]<\/p>\n","protected":false},"author":1,"featured_media":0,"parent":0,"menu_order":0,"comment_status":"closed","ping_status":"closed","template":"","meta":{"footnotes":""},"class_list":["post-23","page","type-page","status-publish","hentry"],"_links":{"self":[{"href":"https:\/\/www.rt-lueer.de\/index.php?rest_route=\/wp\/v2\/pages\/23","targetHints":{"allow":["GET"]}}],"collection":[{"href":"https:\/\/www.rt-lueer.de\/index.php?rest_route=\/wp\/v2\/pages"}],"about":[{"href":"https:\/\/www.rt-lueer.de\/index.php?rest_route=\/wp\/v2\/types\/page"}],"author":[{"embeddable":true,"href":"https:\/\/www.rt-lueer.de\/index.php?rest_route=\/wp\/v2\/users\/1"}],"replies":[{"embeddable":true,"href":"https:\/\/www.rt-lueer.de\/index.php?rest_route=%2Fwp%2Fv2%2Fcomments&post=23"}],"version-history":[{"count":3,"href":"https:\/\/www.rt-lueer.de\/index.php?rest_route=\/wp\/v2\/pages\/23\/revisions"}],"predecessor-version":[{"id":125,"href":"https:\/\/www.rt-lueer.de\/index.php?rest_route=\/wp\/v2\/pages\/23\/revisions\/125"}],"wp:attachment":[{"href":"https:\/\/www.rt-lueer.de\/index.php?rest_route=%2Fwp%2Fv2%2Fmedia&parent=23"}],"curies":[{"name":"wp","href":"https:\/\/api.w.org\/{rel}","templated":true}]}}